ue
Does 1044 divide 39679814?
False
Is 6575 a factor of 995101861?
False
Is 1911661860 a multiple of 287?
False
Does 478 divide 42675713?
False
Does 403 divide 2486029?
False
Is 68 a factor of 12927480?
True
Is 86 a factor of 10145189?
False
Does 339 divide 44091501?
False
Is 133 a factor of 4476775?
False
Is 1496 a factor of 24748211?
False
Does 6697 divide 1916520672?
True
Does 15 divide 2557725255?
True
Is 455 a factor of 115180975?
True
Is 117 a factor of 59080750?
False
Is 6 a factor of 58255620?
True
Does 26 divide 600729292?
False
Is 470800363 a multiple of 17?
True
Does 4345 divide 2577036?
False
Does 46 divide 5135429?
False
Is 7775940 a multiple of 124?
False
Does 12 divide 106865046?
False
Is 2822218940 a multiple of 61?
False
Is 34 a factor of 216500480?
False
Is 369 a factor of 157031640?
True
Does 9 divide 350128390?
False
Does 46 divide 119816500?
False
Is 1791 a factor of 192591282?
False
Is 7372 a factor of 2804227708?
True
Is 224 a factor of 167267744?
True
Does 3777 divide 64719644?
False
Is 585276030 a multiple of 44?
False
Is 520977520 a multiple of 230?
False
Is 3524 a factor of 59523884?
True
Does 9 divide 80803872?
True
Does 8 divide 194265936?
True
Is 29907202 a multiple of 112?
False
Is 7 a factor of 3021807019?
True
Is 1087726400 a multiple of 400?
True
Does 17 divide 417557893?
True
Is 274 a factor of 31531268?
False
Is 22 a factor of 144227129?
False
Is 432 a factor of 136081065?
False
Is 5581626 a multiple of 6?
True
Is 1801 a factor of 1501630?
False
Is 3969 a factor of 745050196?
False
Does 176 divide 1203614803?
False
Does 58 divide 34809920?
False
Does 12850 divide 3165274815?
False
Is 478 a factor of 526314920?
False
Is 67 a factor of 21379894?
False
Is 1148655337 a multiple of 919?
False
Is 242 a factor of 1682440354?
False
Is 493 a factor of 2567682553?
False
Is 15 a factor of 70564305?
True
Is 8 a factor of 39425936?
True
Is 17121114 a multiple of 6?
True
Is 982422421 a multiple of 14?
False
Is 12 a factor of 13657348?
False
Is 746006339 a multiple of 7?
False
Is 14 a factor of 182808732?
False
Does 787 divide 20495841?
True
Does 2389 divide 969021402?
True
Does 176 divide 764318233?
False
Is 27130497 a multiple of 430?
False
Does 499 divide 54120045?
False
Does 806 divide 2301533000?
True
Is 3439 a factor of 637555046?
False
Is 9 a factor of 66410085?
False
Does 218 divide 654387386?
True
Is 3172610 a multiple of 61?
True
Is 1484 a factor of 120146124?
True
Is 35 a factor of 16954665?
True
Is 1530902372 a multiple of 41?
False
Does 1072 divide 301372767?
False
Does 111 divide 158839098?
False
Is 228 a factor of 6269111?
False
Is 8 a factor of 75337946?
False
Is 4394041156 a multiple of 618?
False
Does 9 divide 20133174?
False
Does 167 divide 22692294?
True
Is 3856 a factor of 2768480752?
True
Does 1024 divide 5430272?
True
Is 29347510 a multiple of 3?
False
Is 20 a factor of 2462920?
True
Is 760226390 a multiple of 385?
True
Does 14 divide 193174676?
False
Does 4 divide 173103?
False
Does 172 divide 671562820?
True
Does 23 divide 1259827548?
False
Does 8 divide 3562954642?
False
Does 2324 divide 106778540?
False
Does 25 divide 1778275?
True
Is 860689423 a multiple of 71?
False
Is 6 a factor of 8838636?
True
Is 284999594 a multiple of 1304?
False
Is 269455610 a multiple of 10?
True
Is 41056491 a multiple of 2114?
False
Is 538521946 a multiple of 21?
False
Is 6 a factor of 172578406?
False
Is 33437877 a multiple of 4?
False
Is 2033 a factor of 144401957?
True
Does 22 divide 16372224?
True
Does 86 divide 837670882?
False
Is 13 a factor of 761256483?
True
Is 426586248 a multiple of 792?
True
Does 484 divide 686701832?
False
Does 8 divide 22783664?
True
Does 15 divide 442451880?
True
Does 24 divide 6139008?
True
Is 3133754352 a multiple of 48?
True
Is 38 a factor of 171940196?
True
Does 966 divide 523371072?
True
Is 15570520 a multiple of 331?
False
Does 945 divide 2696768195?
False
Is 218436218 a multiple of 169?
True
Is 681855174 a multiple of 1599?
True
Is 1612648 a multiple of 25?
False
Is 655774494 a multiple of 34?
False
Does 191 divide 746323593?
False
Is 1159 a factor of 13471057?
True
Is 233287723 a multiple of 1125?
False
Is 624 a factor of 39803285?
False
Does 24 divide 90051689?
False
Is 123170355 a multiple of 1445?
True
Is 162513123 a multiple of 5?
False
Does 26 divide 711039199?
False
Is 332 a factor of 80045485?
False
Is 13 a factor of 151105754?
False
Is 472 a factor of 237755986?
False
Is 101148663 a multiple of 111?
False
Does 528 divide 9459648?
True
Is 282 a factor of 348275640?
True
Is 39077010 a multiple of 126?
True
Does 13 divide 23721332?
False
Is 13547007 a multiple of 21?
False
Is 148 a factor of 154397004?
True
Is 59959647 a multiple of 199?
False
Does 11 divide 2193014113?
False
Is 16264357 a multiple of 264?
False
Is 1556080470 a multiple of 210?
True
Is 28508319 a multiple of 3037?
True
Is 1734 a factor of 22580148?
True
Does 5607 divide 3576308795?
False
Is 5 a factor of 891470331?
False
Is 42321 a multiple of 15?
False
Is 17860350 a multiple of 150?
True
Does 4 divide 14313790?
False
Is 535 a factor of 160684040?
True
Does 199 divide 1009692855?
False
Is 348 a factor of 493081548?
True
Is 1019 a factor of 85641855?
True
Is 18 a factor of 160548006?
False
Is 236 a factor of 38361092?
True
Is 80356525 a multiple of 3925?
True
Is 181 a factor of 120595594?
True
Does 39 divide 1177327620?
False
Is 1664 a factor of 10145046?
False
Is 4162586 a multiple of 46?
True
Does 7 divide 325512131?
True
Does 19 divide 12573403?
False
Is 6781825 a multiple of 161?
False
Is 1776 a factor of 76258801?
False
Is 19488944 a multiple of 16?
True
Is 597458875 a multiple of 4381?
True
Is 13 a factor of 655655?
True
Is 573149298 a multiple of 1453?
False
Is 362433393 a multiple of 9?
True
Is 7160697 a multiple of 339?
True
Is 10857308 a multiple of 10?
False
Does 5 divide 265313490?
True
Is 58 a factor of 1792725756?
False
Is 58452205 a multiple of 527?
True
Is 2019 a factor of 126579740?
False
Is 72426409 a multiple of 187?
True
Is 201 a factor of 205200414?
False
Does 389 divide 1859574044?
True
Is 45 a factor of 15491925?
True
Is 1295 a factor of 518031694?
False
Is 86490756 a multiple of 2442?
True
Is 209 a factor of 69947493?
True
Is 234 a factor of 3368667960?
False
Does 454 divide 213023713?
False
Is 959 a factor of 85308804?
True
Is 44 a factor of 891109661?
False
Is 161688128 a multiple of 2996?
True
Does 127 divide 13902563?
True
Does 649 divide 251177278?
True
Is 10 a factor of 160276403?
False
Is 55 a factor of 1204335?
True
Is 54418511 a multiple of 738?
False
Does 3727 divide 6157886561?
False
Does 14 divide 187406140?
False
Is 2 a factor of 20363620?
True
Is 54 a factor of 22040656?
False
Does 154 divide 2221452156?
True
Does 789 divide 32608050?
False
Is 1018 a factor of 3537992345?
False
Is 179 a factor of 553330886?
True
Is 209 a factor of 4283455?
True
Is 998 a factor of 815154365?
False
Is 24 a factor of 732072628?
False
Is 35 a factor of 680050?
True
Does 5096 divide 217056727?
False
Is 273 a factor of 1145499264?
True
Does 9 divide 168600488?
False
Is 1564751997 a multiple of 159?
False
Is 4 a factor of 672571884?
True
Does 99 divide 1124792163?
True
Is 139127766 a multiple of 6?
True
Does 109 divide 2005164?
True
Does 61 divide 20448904?
False
Does 2850 divide 380392350?
True
Is 628 a factor of 1151790308?
True
Is 4618662 a multiple of 180?
False
Is 2154 a factor of 262083642?
True
Is 184 a factor of 450658902?
False
Is 28210481 a multiple of 3?
False
Is 2481397089 a multiple of 107?
True
Does 151 divide 1892193?
False
Does 347 divide 639250876?
False
Does 34 divide 473112430?
False
Does 7926 divide 1513707480?
True
Is 113101296 a multiple of 142?
True
Does 2 divide 510385?
False
Is 102 a factor of 35647062?
True
Does 1312 divide 282146038?
False
Is 110 a factor of 28230180?
True
Does 61 divide 306372683?
True
Is 83455575 a multiple of 15?
True
Does 19 divide 9271664?
False
Is 93940626 a multiple of 24?
False
Is 84971790 a multiple of 45?
True
Is 205853 a multiple of 17?
True
Is 762609472 a multiple of 10?
False
Is 240 a factor of 302915322?
False
Is 1324948752 a multiple of 11664?
True
Does 3 divide 511215874?
False
Is 38118177 a multiple of 9117?
True
Is 3699 a factor of